216.244.66.228 - - [17/Dec/2022:16:30:32 -0800] "GET /robots.txt HTTP/1.1" 404 73 "-" "Mozilla/5.0 (compatible; DotBot/1.2; +https://opensiteexplorer.org/dotbot; help@moz.com)" "pcentral-offshore.com"
114.119.145.160 - - [17/Dec/2022:17:39:57 -0800] "GET /robots.txt HTTP/1.1" 404 88 "-" "Mozilla/5.0 (compatible;PetalBot;+https://webmaster.petalsearch.com/site/petalbot)" "pcentral-offshore.com"
51.222.253.8 - - [17/Dec/2022:17:41:27 -0800] "GET /calidad/Servidor/ HTTP/1.1" 200 441 "-" "Mozilla/5.0 (compatible; AhrefsBot/7.0; +http://ahrefs.com/robot/)" "pcentral-offshore.com"
216.244.66.228 - - [17/Dec/2022:18:44:51 -0800] "GET /robots.txt HTTP/1.1" 404 73 "-" "Mozilla/5.0 (compatible; DotBot/1.2; +https://opensiteexplorer.org/dotbot; help@moz.com)" "pcentral-offshore.com"
172.98.87.233 - - [17/Dec/2022:19:23:53 -0800] "GET / HTTP/1.1" 200 419 "-" "Mozilla/5.0 (Windows NT 10.0; Win64; x64) AppleWebKit/537.36 (KHTML, like Gecko) Chrome/100.0.4896.127 Safari/537.36" "www.pcentral-offshore.com"
216.244.66.228 - - [17/Dec/2022:19:35:42 -0800] "GET /robots.txt HTTP/1.1" 404 73 "-" "Mozilla/5.0 (compatible; DotBot/1.2; +https://opensiteexplorer.org/dotbot; help@moz.com)" "pcentral-offshore.com"
216.244.66.228 - - [17/Dec/2022:20:27:14 -0800] "GET /robots.txt HTTP/1.1" 404 73 "-" "Mozilla/5.0 (compatible; DotBot/1.2; +https://opensiteexplorer.org/dotbot; help@moz.com)" "pcentral-offshore.com"
54.36.148.194 - - [17/Dec/2022:20:34:34 -0800] "GET /robots.txt HTTP/1.1" 404 88 "-" "Mozilla/5.0 (compatible; AhrefsBot/7.0; +http://ahrefs.com/robot/)" "pcentral-offshore.com"
51.222.253.14 - - [17/Dec/2022:20:34:37 -0800] "GET /Sea-global/totalcmd/LANGUAGE/?C=D;O=A HTTP/1.1" 200 770 "-" "Mozilla/5.0 (compatible; AhrefsBot/7.0; +http://ahrefs.com/robot/)" "pcentral-offshore.com"
216.244.66.228 - - [17/Dec/2022:21:48:35 -0800] "GET /robots.txt HTTP/1.1" 404 73 "-" "Mozilla/5.0 (compatible; DotBot/1.2; +https://opensiteexplorer.org/dotbot; help@moz.com)" "pcentral-offshore.com"
54.36.148.197 - - [17/Dec/2022:21:49:29 -0800] "GET /robots.txt HTTP/1.1" 404 88 "-" "Mozilla/5.0 (compatible; AhrefsBot/7.0; +http://ahrefs.com/robot/)" "www.pcentral-offshore.com"
51.222.253.4 - - [17/Dec/2022:21:49:32 -0800] "GET / HTTP/1.1" 200 419 "-" "Mozilla/5.0 (compatible; AhrefsBot/7.0; +http://ahrefs.com/robot/)" "www.pcentral-offshore.com"
77.75.77.119 - - [17/Dec/2022:22:09:27 -0800] "GET /robots.txt HTTP/1.1" 404 88 "-" "Mozilla/5.0 (compatible; SeznamBot/4.0-RC1; +http://napoveda.seznam.cz/seznambot-intro/)" "pcentral-offshore.com"
77.75.77.119 - - [17/Dec/2022:22:09:26 -0800] "GET /Sea-global/ HTTP/1.1" 200 495 "-" "Mozilla/5.0 (compatible; SeznamBot/4.0-RC1; +http://napoveda.seznam.cz/seznambot-intro/)" "pcentral-offshore.com"
93.158.161.37 - - [17/Dec/2022:22:12:22 -0800] "GET /robots.txt HTTP/1.1" 404 73 "-" "Mozilla/5.0 (compatible; YandexBot/3.0; +http://yandex.com/bots)" "pcentral-offshore.com"
93.158.161.28 - - [17/Dec/2022:22:12:25 -0800] "GET /documento/diagrama/d1.pdf HTTP/1.1" 200 842149 "-" "Mozilla/5.0 (compatible; YandexBot/3.0; +http://yandex.com/bots)" "pcentral-offshore.com"
216.244.66.228 - - [17/Dec/2022:22:42:08 -0800] "GET /robots.txt HTTP/1.1" 404 73 "-" "Mozilla/5.0 (compatible; DotBot/1.2; +https://opensiteexplorer.org/dotbot; help@moz.com)" "pcentral-offshore.com"
51.222.253.8 - - [17/Dec/2022:23:05:09 -0800] "GET /Sea-global/totalcmd/LANGUAGE/?C=N;O=A HTTP/1.1" 200 770 "-" "Mozilla/5.0 (compatible; AhrefsBot/7.0; +http://ahrefs.com/robot/)" "pcentral-offshore.com"
216.244.66.228 - - [17/Dec/2022:23:30:11 -0800] "GET /robots.txt HTTP/1.1" 404 73 "-" "Mozilla/5.0 (compatible; DotBot/1.2; +https://opensiteexplorer.org/dotbot; help@moz.com)" "pcentral-offshore.com"
216.244.66.228 - - [18/Dec/2022:00:20:02 -0800] "GET /robots.txt HTTP/1.1" 404 73 "-" "Mozilla/5.0 (compatible; DotBot/1.2; +https://opensiteexplorer.org/dotbot; help@moz.com)" "pcentral-offshore.com"
51.222.253.1 - - [18/Dec/2022:00:20:59 -0800] "GET /calidad/Servidor/?C=N;O=A HTTP/1.1" 200 441 "-" "Mozilla/5.0 (compatible; AhrefsBot/7.0; +http://ahrefs.com/robot/)" "pcentral-offshore.com"
149.56.150.240 - - [18/Dec/2022:00:42:57 -0800] "GET / HTTP/1.1" 200 1007 "-" "Mozilla/5.0 (Windows NT 6.3; Win64; x64) AppleWebKit/537.36 (KHTML, like Gecko) Chrome/60.0.3112.90 Safari/537.36 React.org" "www.pcentral-offshore.com"
149.56.150.240 - - [18/Dec/2022:00:42:58 -0800] "GET /robots.txt HTTP/1.1" 404 73 "-" "Mozilla/5.0 (Windows NT 6.3; Win64; x64) AppleWebKit/537.36 (KHTML, like Gecko) Chrome/60.0.3112.90 Safari/537.36 React.org" "www.pcentral-offshore.com"
149.56.150.240 - - [18/Dec/2022:00:42:58 -0800] "GET /sitemap.xml HTTP/1.1" 404 73 "-" "Mozilla/5.0 (Windows NT 6.3; Win64; x64) AppleWebKit/537.36 (KHTML, like Gecko) Chrome/60.0.3112.90 Safari/537.36 React.org" "www.pcentral-offshore.com"
149.56.150.240 - - [18/Dec/2022:00:42:58 -0800] "GET / HTTP/1.1" 200 1007 "-" "Mozilla/5.0 (Windows NT 6.3; Win64; x64) AppleWebKit/537.36 (KHTML, like Gecko) Chrome/60.0.3112.90 Safari/537.36 React.org" "www.pcentral-offshore.com"
149.56.150.240 - - [18/Dec/2022:00:42:59 -0800] "GET /?C=N;O=D HTTP/1.1" 200 1007 "-" "Mozilla/5.0 (Windows NT 6.3; Win64; x64) AppleWebKit/537.36 (KHTML, like Gecko) Chrome/60.0.3112.90 Safari/537.36 React.org" "www.pcentral-offshore.com"
149.56.150.240 - - [18/Dec/2022:00:43:00 -0800] "GET /?C=M;O=A HTTP/1.1" 200 1007 "-" "Mozilla/5.0 (Windows NT 6.3; Win64; x64) AppleWebKit/537.36 (KHTML, like Gecko) Chrome/60.0.3112.90 Safari/537.36 React.org" "www.pcentral-offshore.com"
149.56.150.240 - - [18/Dec/2022:00:43:01 -0800] "GET /?C=S;O=A HTTP/1.1" 200 1007 "-" "Mozilla/5.0 (Windows NT 6.3; Win64; x64) AppleWebKit/537.36 (KHTML, like Gecko) Chrome/60.0.3112.90 Safari/537.36 React.org" "www.pcentral-offshore.com"
149.56.150.240 - - [18/Dec/2022:00:43:02 -0800] "GET /?C=D;O=A HTTP/1.1" 200 1007 "-" "Mozilla/5.0 (Windows NT 6.3; Win64; x64) AppleWebKit/537.36 (KHTML, like Gecko) Chrome/60.0.3112.90 Safari/537.36 React.org" "www.pcentral-offshore.com"
149.56.150.240 - - [18/Dec/2022:00:43:03 -0800] "GET /Sea-global/ HTTP/1.1" 200 1364 "-" "Mozilla/5.0 (Windows NT 6.3; Win64; x64) AppleWebKit/537.36 (KHTML, like Gecko) Chrome/60.0.3112.90 Safari/537.36 React.org" "www.pcentral-offshore.com"
149.56.150.240 - - [18/Dec/2022:00:43:04 -0800] "GET /calidad/ HTTP/1.1" 200 1025 "-" "Mozilla/5.0 (Windows NT 6.3; Win64; x64) AppleWebKit/537.36 (KHTML, like Gecko) Chrome/60.0.3112.90 Safari/537.36 React.org" "www.pcentral-offshore.com"
149.56.150.240 - - [18/Dec/2022:00:43:05 -0800] "GET /documento/ HTTP/1.1" 200 2483 "-" "Mozilla/5.0 (Windows NT 6.3; Win64; x64) AppleWebKit/537.36 (KHTML, like Gecko) Chrome/60.0.3112.90 Safari/537.36 React.org" "www.pcentral-offshore.com"
149.56.150.240 - - [18/Dec/2022:00:43:06 -0800] "GET /?C=N;O=A HTTP/1.1" 200 1007 "-" "Mozilla/5.0 (Windows NT 6.3; Win64; x64) AppleWebKit/537.36 (KHTML, like Gecko) Chrome/60.0.3112.90 Safari/537.36 React.org" "www.pcentral-offshore.com"
149.56.150.240 - - [18/Dec/2022:00:43:07 -0800] "GET /?C=M;O=D HTTP/1.1" 200 1007 "-" "Mozilla/5.0 (Windows NT 6.3; Win64; x64) AppleWebKit/537.36 (KHTML, like Gecko) Chrome/60.0.3112.90 Safari/537.36 React.org" "www.pcentral-offshore.com"
149.56.150.240 - - [18/Dec/2022:00:43:08 -0800] "GET /ads.txt HTTP/1.1" 404 73 "-" "Mozilla/5.0 (Windows NT 6.3; Win64; x64) AppleWebKit/537.36 (KHTML, like Gecko) Chrome/60.0.3112.90 Safari/537.36 React.org" "www.pcentral-offshore.com"
149.56.150.240 - - [18/Dec/2022:00:43:08 -0800] "GET / HTTP/1.1" 200 1007 "-" "Mozilla/5.0 (Linux; Android 5.1.1; SM-G925F Build/LMY47X) AppleWebKit/537.36 (KHTML, like Gecko) Chrome/45.0.2454.94 Mobile Safari/537.36" "www.pcentral-offshore.com"
149.56.150.212 - - [18/Dec/2022:00:43:48 -0800] "GET / HTTP/1.1" 200 419 "-" "Mozilla/5.0 (compatible; Dataprovider.com)" "www.pcentral-offshore.com"
216.244.66.228 - - [18/Dec/2022:01:09:43 -0800] "GET /robots.txt HTTP/1.1" 404 73 "-" "Mozilla/5.0 (compatible; DotBot/1.2; +https://opensiteexplorer.org/dotbot; help@moz.com)" "pcentral-offshore.com"
51.222.253.7 - - [18/Dec/2022:01:32:39 -0800] "GET /robots.txt HTTP/1.1" 404 88 "-" "Mozilla/5.0 (compatible; AhrefsBot/7.0; +http://ahrefs.com/robot/)" "pcentral-offshore.com"
51.222.253.16 - - [18/Dec/2022:01:32:43 -0800] "GET /?C=D;O=A HTTP/1.1" 200 419 "-" "Mozilla/5.0 (compatible; AhrefsBot/7.0; +http://ahrefs.com/robot/)" "pcentral-offshore.com"
51.222.253.19 - - [18/Dec/2022:02:10:25 -0800] "GET /Sea-global/totalcmd/LANGUAGE/?C=M;O=A HTTP/1.1" 200 770 "-" "Mozilla/5.0 (compatible; AhrefsBot/7.0; +http://ahrefs.com/robot/)" "pcentral-offshore.com"
51.222.253.6 - - [18/Dec/2022:02:48:07 -0800] "GET /?C=S;O=A HTTP/1.1" 200 419 "-" "Mozilla/5.0 (compatible; AhrefsBot/7.0; +http://ahrefs.com/robot/)" "pcentral-offshore.com"
216.244.66.228 - - [18/Dec/2022:03:19:07 -0800] "GET /robots.txt HTTP/1.1" 404 73 "-" "Mozilla/5.0 (compatible; DotBot/1.2; +https://opensiteexplorer.org/dotbot; help@moz.com)" "pcentral-offshore.com"
51.222.253.4 - - [18/Dec/2022:03:27:38 -0800] "GET /Sea-global/?C=S;O=A HTTP/1.1" 200 495 "-" "Mozilla/5.0 (compatible; AhrefsBot/7.0; +http://ahrefs.com/robot/)" "pcentral-offshore.com"
207.46.13.8 - - [18/Dec/2022:03:55:26 -0800] "GET /documento/02.pdf HTTP/1.1" 200 4232410 "-" "Mozilla/5.0 AppleWebKit/537.36 (KHTML, like Gecko; compatible; bingbot/2.0; +http://www.bing.com/bingbot.htm) Chrome/103.0.5060.134 Safari/537.36" "pcentral-offshore.com"
51.222.253.16 - - [18/Dec/2022:04:04:59 -0800] "GET /?C=M;O=A HTTP/1.1" 200 425 "-" "Mozilla/5.0 (compatible; AhrefsBot/7.0; +http://ahrefs.com/robot/)" "pcentral-offshore.com"
216.244.66.228 - - [18/Dec/2022:04:06:44 -0800] "GET /robots.txt HTTP/1.1" 404 73 "-" "Mozilla/5.0 (compatible; DotBot/1.2; +https://opensiteexplorer.org/dotbot; help@moz.com)" "pcentral-offshore.com"
216.244.66.228 - - [18/Dec/2022:04:38:22 -0800] "GET /services HTTP/1.1" 200 10533 "-" "Mozilla/5.0 (compatible; DotBot/1.2; +https://opensiteexplorer.org/dotbot; help@moz.com)" "pcentral-offshore.com"
216.244.66.228 - - [18/Dec/2022:04:55:58 -0800] "GET /robots.txt HTTP/1.1" 404 73 "-" "Mozilla/5.0 (compatible; DotBot/1.2; +https://opensiteexplorer.org/dotbot; help@moz.com)" "pcentral-offshore.com"
103.153.182.104 - - [18/Dec/2022:05:42:46 -0800] "GET /dup-installer/main.installer.php HTTP/1.1" 404 88 "-" "-" "pcentral-offshore.com"
216.244.66.228 - - [18/Dec/2022:05:46:40 -0800] "GET /robots.txt HTTP/1.1" 404 73 "-" "Mozilla/5.0 (compatible; DotBot/1.2; +https://opensiteexplorer.org/dotbot; help@moz.com)" "pcentral-offshore.com"
216.244.66.228 - - [18/Dec/2022:06:55:20 -0800] "GET /robots.txt HTTP/1.1" 404 73 "-" "Mozilla/5.0 (compatible; DotBot/1.2; +https://opensiteexplorer.org/dotbot; help@moz.com)" "pcentral-offshore.com"
51.222.253.15 - - [18/Dec/2022:06:59:25 -0800] "GET /Sea-global/totalcmd/?C=N;O=A HTTP/1.1" 200 890 "-" "Mozilla/5.0 (compatible; AhrefsBot/7.0; +http://ahrefs.com/robot/)" "pcentral-offshore.com"
216.244.66.228 - - [18/Dec/2022:07:13:56 -0800] "GET /home HTTP/1.1" 200 10322 "-" "Mozilla/5.0 (compatible; DotBot/1.2; +https://opensiteexplorer.org/dotbot; help@moz.com)" "pcentral-offshore.com"
162.55.86.61 - - [18/Dec/2022:07:26:50 -0800] "GET /robots.txt HTTP/1.1" 404 88 "-" "Mozilla/5.0 (compatible; BLEXBot/1.0; +http://webmeup-crawler.com/)" "pcentral-offshore.com"
162.55.86.61 - - [18/Dec/2022:07:26:52 -0800] "GET /sitemap HTTP/1.1" 404 88 "-" "Mozilla/5.0 (compatible; BLEXBot/1.0; +http://webmeup-crawler.com/)" "pcentral-offshore.com"
162.55.86.61 - - [18/Dec/2022:07:26:56 -0800] "GET /sitemap.txt HTTP/1.1" 404 88 "-" "Mozilla/5.0 (compatible; BLEXBot/1.0; +http://webmeup-crawler.com/)" "pcentral-offshore.com"
162.55.86.61 - - [18/Dec/2022:07:26:59 -0800] "GET /Sea-global/totalcmd/?C=D;O=D HTTP/1.1" 200 894 "-" "Mozilla/5.0 (compatible; BLEXBot/1.0; +http://webmeup-crawler.com/)" "pcentral-offshore.com"
162.55.86.61 - - [18/Dec/2022:07:27:03 -0800] "GET /Sea-global/totalcmd/?C=M;O=D HTTP/1.1" 200 892 "-" "Mozilla/5.0 (compatible; BLEXBot/1.0; +http://webmeup-crawler.com/)" "pcentral-offshore.com"
162.55.86.61 - - [18/Dec/2022:07:27:06 -0800] "GET /Sea-global/totalcmd/?C=N;O=A HTTP/1.1" 200 890 "-" "Mozilla/5.0 (compatible; BLEXBot/1.0; +http://webmeup-crawler.com/)" "pcentral-offshore.com"
162.55.86.61 - - [18/Dec/2022:07:27:10 -0800] "GET /Sea-global/totalcmd/?C=S;O=D HTTP/1.1" 200 905 "-" "Mozilla/5.0 (compatible; BLEXBot/1.0; +http://webmeup-crawler.com/)" "pcentral-offshore.com"
162.55.86.61 - - [18/Dec/2022:07:27:14 -0800] "GET /Sea-global/totalcmd/LANGUAGE/?C=D;O=A HTTP/1.1" 200 770 "-" "Mozilla/5.0 (compatible; BLEXBot/1.0; +http://webmeup-crawler.com/)" "pcentral-offshore.com"
162.55.86.61 - - [18/Dec/2022:07:27:17 -0800] "GET /Sea-global/totalcmd/LANGUAGE/?C=M;O=A HTTP/1.1" 200 770 "-" "Mozilla/5.0 (compatible; BLEXBot/1.0; +http://webmeup-crawler.com/)" "pcentral-offshore.com"
162.55.86.61 - - [18/Dec/2022:07:27:20 -0800] "GET /Sea-global/totalcmd/LANGUAGE/?C=N;O=D HTTP/1.1" 200 776 "-" "Mozilla/5.0 (compatible; BLEXBot/1.0; +http://webmeup-crawler.com/)" "pcentral-offshore.com"
162.55.86.61 - - [18/Dec/2022:07:27:23 -0800] "GET /Sea-global/totalcmd/LANGUAGE/?C=S;O=A HTTP/1.1" 200 770 "-" "Mozilla/5.0 (compatible; BLEXBot/1.0; +http://webmeup-crawler.com/)" "pcentral-offshore.com"
162.55.86.61 - - [18/Dec/2022:07:27:27 -0800] "GET /calidad/Servidor/?C=D;O=D HTTP/1.1" 200 440 "-" "Mozilla/5.0 (compatible; BLEXBot/1.0; +http://webmeup-crawler.com/)" "pcentral-offshore.com"
162.55.86.61 - - [18/Dec/2022:07:27:31 -0800] "GET /calidad/Servidor/?C=M;O=D HTTP/1.1" 200 440 "-" "Mozilla/5.0 (compatible; BLEXBot/1.0; +http://webmeup-crawler.com/)" "pcentral-offshore.com"
162.55.86.61 - - [18/Dec/2022:07:27:34 -0800] "GET /calidad/Servidor/?C=N;O=A HTTP/1.1" 200 441 "-" "Mozilla/5.0 (compatible; BLEXBot/1.0; +http://webmeup-crawler.com/)" "pcentral-offshore.com"
162.55.86.61 - - [18/Dec/2022:07:27:37 -0800] "GET /calidad/Servidor/?C=S;O=D HTTP/1.1" 200 440 "-" "Mozilla/5.0 (compatible; BLEXBot/1.0; +http://webmeup-crawler.com/)" "pcentral-offshore.com"
162.55.86.61 - - [18/Dec/2022:07:27:42 -0800] "GET /calidad/Servidor/Servidor/?C=D;O=A HTTP/1.1" 200 421 "-" "Mozilla/5.0 (compatible; BLEXBot/1.0; +http://webmeup-crawler.com/)" "pcentral-offshore.com"
162.55.86.61 - - [18/Dec/2022:07:27:45 -0800] "GET /calidad/Servidor/Servidor/?C=M;O=A HTTP/1.1" 200 421 "-" "Mozilla/5.0 (compatible; BLEXBot/1.0; +http://webmeup-crawler.com/)" "pcentral-offshore.com"
162.55.86.61 - - [18/Dec/2022:07:27:50 -0800] "GET /calidad/Servidor/Servidor/?C=N;O=D HTTP/1.1" 200 419 "-" "Mozilla/5.0 (compatible; BLEXBot/1.0; +http://webmeup-crawler.com/)" "pcentral-offshore.com"
162.55.86.61 - - [18/Dec/2022:07:27:55 -0800] "GET /calidad/Servidor/Servidor/?C=S;O=A HTTP/1.1" 200 421 "-" "Mozilla/5.0 (compatible; BLEXBot/1.0; +http://webmeup-crawler.com/)" "pcentral-offshore.com"
162.55.86.61 - - [18/Dec/2022:07:28:02 -0800] "GET /documento/Procedimientos/?C=D;O=D HTTP/1.1" 200 415 "-" "Mozilla/5.0 (compatible; BLEXBot/1.0; +http://webmeup-crawler.com/)" "pcentral-offshore.com"
162.55.86.61 - - [18/Dec/2022:07:28:06 -0800] "GET /documento/Procedimientos/?C=M;O=D HTTP/1.1" 200 415 "-" "Mozilla/5.0 (compatible; BLEXBot/1.0; +http://webmeup-crawler.com/)" "pcentral-offshore.com"
162.55.86.61 - - [18/Dec/2022:07:28:09 -0800] "GET /documento/Procedimientos/?C=N;O=A HTTP/1.1" 200 418 "-" "Mozilla/5.0 (compatible; BLEXBot/1.0; +http://webmeup-crawler.com/)" "pcentral-offshore.com"
162.55.86.61 - - [18/Dec/2022:07:28:13 -0800] "GET /documento/Procedimientos/?C=S;O=D HTTP/1.1" 200 414 "-" "Mozilla/5.0 (compatible; BLEXBot/1.0; +http://webmeup-crawler.com/)" "pcentral-offshore.com"
162.55.86.61 - - [18/Dec/2022:07:28:18 -0800] "GET /documento/diagrama/?C=D;O=D HTTP/1.1" 200 398 "-" "Mozilla/5.0 (compatible; BLEXBot/1.0; +http://webmeup-crawler.com/)" "pcentral-offshore.com"
162.55.86.61 - - [18/Dec/2022:07:28:22 -0800] "GET /documento/diagrama/?C=M;O=D HTTP/1.1" 200 397 "-" "Mozilla/5.0 (compatible; BLEXBot/1.0; +http://webmeup-crawler.com/)" "pcentral-offshore.com"
162.55.86.61 - - [18/Dec/2022:07:28:26 -0800] "GET /documento/diagrama/?C=N;O=A HTTP/1.1" 200 404 "-" "Mozilla/5.0 (compatible; BLEXBot/1.0; +http://webmeup-crawler.com/)" "pcentral-offshore.com"
162.55.86.61 - - [18/Dec/2022:07:28:30 -0800] "GET /documento/diagrama/?C=S;O=D HTTP/1.1" 200 397 "-" "Mozilla/5.0 (compatible; BLEXBot/1.0; +http://webmeup-crawler.com/)" "pcentral-offshore.com"
162.55.86.61 - - [18/Dec/2022:07:28:37 -0800] "GET /documento/doctos/?C=D;O=D HTTP/1.1" 200 448 "-" "Mozilla/5.0 (compatible; BLEXBot/1.0; +http://webmeup-crawler.com/)" "pcentral-offshore.com"
162.55.86.61 - - [18/Dec/2022:07:28:42 -0800] "GET /documento/doctos/?C=M;O=D HTTP/1.1" 200 448 "-" "Mozilla/5.0 (compatible; BLEXBot/1.0; +http://webmeup-crawler.com/)" "pcentral-offshore.com"
162.55.86.61 - - [18/Dec/2022:07:28:46 -0800] "GET /documento/doctos/?C=N;O=A HTTP/1.1" 200 450 "-" "Mozilla/5.0 (compatible; BLEXBot/1.0; +http://webmeup-crawler.com/)" "pcentral-offshore.com"
162.55.86.61 - - [18/Dec/2022:07:28:51 -0800] "GET /documento/doctos/?C=S;O=D HTTP/1.1" 200 446 "-" "Mozilla/5.0 (compatible; BLEXBot/1.0; +http://webmeup-crawler.com/)" "pcentral-offshore.com"
162.55.86.61 - - [18/Dec/2022:07:28:54 -0800] "GET /documento/formatos/?C=D;O=D HTTP/1.1" 200 574 "-" "Mozilla/5.0 (compatible; BLEXBot/1.0; +http://webmeup-crawler.com/)" "pcentral-offshore.com"
162.55.86.61 - - [18/Dec/2022:07:28:57 -0800] "GET /documento/formatos/?C=M;O=D HTTP/1.1" 200 580 "-" "Mozilla/5.0 (compatible; BLEXBot/1.0; +http://webmeup-crawler.com/)" "pcentral-offshore.com"
162.55.86.61 - - [18/Dec/2022:07:29:01 -0800] "GET /documento/formatos/?C=N;O=A HTTP/1.1" 200 571 "-" "Mozilla/5.0 (compatible; BLEXBot/1.0; +http://webmeup-crawler.com/)" "pcentral-offshore.com"
162.55.86.61 - - [18/Dec/2022:07:29:05 -0800] "GET /documento/formatos/?C=S;O=D HTTP/1.1" 200 572 "-" "Mozilla/5.0 (compatible; BLEXBot/1.0; +http://webmeup-crawler.com/)" "pcentral-offshore.com"
216.244.66.228 - - [18/Dec/2022:07:54:53 -0800] "GET /robots.txt HTTP/1.1" 404 73 "-" "Mozilla/5.0 (compatible; DotBot/1.2; +https://opensiteexplorer.org/dotbot; help@moz.com)" "pcentral-offshore.com"
157.55.39.223 - - [18/Dec/2022:08:03:00 -0800] "GET /documento/diagrama/ HTTP/1.1" 200 404 "-" "Mozilla/5.0 AppleWebKit/537.36 (KHTML, like Gecko; compatible; bingbot/2.0; +http://www.bing.com/bingbot.htm) Chrome/103.0.5060.134 Safari/537.36" "pcentral-offshore.com"
139.99.170.151 - - [18/Dec/2022:08:41:39 -0800] "GET /wp-login.php HTTP/1.1" 404 88 "-" "Mozilla/5.0 (Windows NT 10.0; Win64; x64; rv:96.0) Gecko/20100101 Firefox/96" "pcentral-offshore.com"
216.244.66.228 - - [18/Dec/2022:08:43:43 -0800] "GET /robots.txt HTTP/1.1" 404 73 "-" "Mozilla/5.0 (compatible; DotBot/1.2; +https://opensiteexplorer.org/dotbot; help@moz.com)" "pcentral-offshore.com"
51.222.253.6 - - [18/Dec/2022:08:49:22 -0800] "GET /robots.txt HTTP/1.1" 404 88 "-" "Mozilla/5.0 (compatible; AhrefsBot/7.0; +http://ahrefs.com/robot/)" "www.pcentral-offshore.com"
51.222.253.19 - - [18/Dec/2022:08:49:23 -0800] "GET /Sea-global/totalcmd/LANGUAGE/?C=D;O=A HTTP/1.1" 200 770 "-" "Mozilla/5.0 (compatible; AhrefsBot/7.0; +http://ahrefs.com/robot/)" "www.pcentral-offshore.com"
114.119.145.163 - - [18/Dec/2022:09:19:08 -0800] "GET /services HTTP/1.1" 200 3127 "http://pcentral-offshore.com/contact_us" "Mozilla/5.0 (Linux; Android 7.0;) AppleWebKit/537.36 (KHTML, like Gecko) Mobile Safari/537.36 (compatible; PetalBot;+https://webmaster.petalsearch.com/site/petalbot)" "pcentral-offshore.com"
216.244.66.228 - - [18/Dec/2022:09:32:07 -0800] "GET /robots.txt HTTP/1.1" 404 73 "-" "Mozilla/5.0 (compatible; DotBot/1.2; +https://opensiteexplorer.org/dotbot; help@moz.com)" "pcentral-offshore.com"
194.38.20.161 - - [18/Dec/2022:10:11:14 -0800] "GET /assets/dropzone/dropzone-amd-module.min.js HTTP/1.1" 404 73 "-" "ALittle Client" "pcentral-offshore.com"
216.244.66.228 - - [18/Dec/2022:10:27:55 -0800] "GET /robots.txt HTTP/1.1" 404 73 "-" "Mozilla/5.0 (compatible; DotBot/1.2; +https://opensiteexplorer.org/dotbot; help@moz.com)" "pcentral-offshore.com"
34.217.97.110 - - [18/Dec/2022:10:46:57 -0800] "GET / HTTP/1.1" 200 419 "-" "Mozilla/5.0 (X11; Linux x86_64) AppleWebKit/537.36 (KHTML, like Gecko) Chrome/83.0.4103.97 Safari/537.36" "pcentral-offshore.com"
18.237.71.106 - - [18/Dec/2022:10:46:58 -0800] "GET / HTTP/1.1" 200 419 "-" "Mozilla/5.0 (X11; Linux x86_64) AppleWebKit/537.36 (KHTML, like Gecko) Chrome/83.0.4103.97 Safari/537.36" "pcentral-offshore.com"
54.191.92.6 - - [18/Dec/2022:10:47:07 -0800] "GET /favicon.ico HTTP/1.1" 404 88 "-" "Mozilla/5.0 (X11; Linux x86_64) AppleWebKit/537.36 (KHTML, like Gecko) Chrome/83.0.4103.97 Safari/537.36" "pcentral-offshore.com"
54.191.92.6 - - [18/Dec/2022:10:47:08 -0800] "GET / HTTP/1.1" 200 419 "-" "Mozilla/5.0 (X11; Linux x86_64) AppleWebKit/537.36 (KHTML, like Gecko) Chrome/83.0.4103.97 Safari/537.36" "pcentral-offshore.com"
18.237.75.119 - - [18/Dec/2022:10:47:22 -0800] "GET /favicon.ico HTTP/1.1" 404 88 "-" "Mozilla/5.0 (X11; Linux x86_64) AppleWebKit/537.36 (KHTML, like Gecko) Chrome/83.0.4103.97 Safari/537.36" "pcentral-offshore.com"
18.237.75.119 - - [18/Dec/2022:10:47:25 -0800] "GET / HTTP/1.1" 200 419 "-" "Mozilla/5.0 (X11; Linux x86_64) AppleWebKit/537.36 (KHTML, like Gecko) Chrome/83.0.4103.97 Safari/537.36" "pcentral-offshore.com"
113.108.9.38 - - [18/Dec/2022:11:52:25 -0800] "GET / HTTP/1.1" 200 419 "-" "Mozilla/5.0 (iPhone; CPU iPhone OS 13_2_3 like Mac OS X) AppleWebKit/605.1.15 (KHTML, like Gecko) Version/13.0.3 Mobile/15E148 Safari/604.1" "pcentral-offshore.com"
216.244.66.228 - - [18/Dec/2022:12:28:37 -0800] "GET /robots.txt HTTP/1.1" 404 73 "-" "Mozilla/5.0 (compatible; DotBot/1.2; +https://opensiteexplorer.org/dotbot; help@moz.com)" "pcentral-offshore.com"
216.244.66.228 - - [18/Dec/2022:14:07:06 -0800] "GET /robots.txt HTTP/1.1" 404 73 "-" "Mozilla/5.0 (compatible; DotBot/1.2; +https://opensiteexplorer.org/dotbot; help@moz.com)" "pcentral-offshore.com"
54.36.149.5 - - [18/Dec/2022:14:26:36 -0800] "GET /robots.txt HTTP/1.1" 404 88 "-" "Mozilla/5.0 (compatible; AhrefsBot/7.0; +http://ahrefs.com/robot/)" "pcentral-offshore.com"
51.222.253.8 - - [18/Dec/2022:14:26:37 -0800] "GET /Sea-global/totalcmd/?C=S;O=D HTTP/1.1" 200 905 "-" "Mozilla/5.0 (compatible; AhrefsBot/7.0; +http://ahrefs.com/robot/)" "pcentral-offshore.com"
216.244.66.228 - - [18/Dec/2022:15:18:35 -0800] "GET /robots.txt HTTP/1.1" 404 73 "-" "Mozilla/5.0 (compatible; DotBot/1.2; +https://opensiteexplorer.org/dotbot; help@moz.com)" "pcentral-offshore.com"
5.188.62.21 - - [18/Dec/2022:15:37:26 -0800] "GET / HTTP/1.1" 200 419 "-" "Mozilla/5.0 (Windows NT 6.1; WOW64) AppleWebKit/537.36 (KHTML, like Gecko) Chrome/100.0.4896.127 Safari/537.36" "pcentral-offshore.com"
20.203.128.174 - - [18/Dec/2022:15:43:34 -0800] "GET / HTTP/1.1" 200 419 "-" "Mozilla/5.0 (Macintosh; Intel Mac OS X 10_10_1) AppleWebKit/537.36 (KHTML, like Gecko) Chrome/39.0.2171.95 Safari/537.36" "pcentral-offshore.com"
20.203.128.174 - - [18/Dec/2022:15:43:39 -0800] "GET /wordpress/ HTTP/1.1" 404 88 "-" "Mozilla/5.0 (Macintosh; Intel Mac OS X 10_10_1) AppleWebKit/537.36 (KHTML, like Gecko) Chrome/39.0.2171.95 Safari/537.36" "pcentral-offshore.com"
20.203.128.174 - - [18/Dec/2022:15:43:43 -0800] "GET /wp/ HTTP/1.1" 404 88 "-" "Mozilla/5.0 (Macintosh; Intel Mac OS X 10_10_1) AppleWebKit/537.36 (KHTML, like Gecko) Chrome/39.0.2171.95 Safari/537.36" "pcentral-offshore.com"
20.203.128.174 - - [18/Dec/2022:15:43:49 -0800] "GET /blog/ HTTP/1.1" 404 88 "-" "Mozilla/5.0 (Macintosh; Intel Mac OS X 10_10_1) AppleWebKit/537.36 (KHTML, like Gecko) Chrome/39.0.2171.95 Safari/537.36" "pcentral-offshore.com"
20.203.128.174 - - [18/Dec/2022:15:43:55 -0800] "GET /new/ HTTP/1.1" 404 88 "-" "Mozilla/5.0 (Macintosh; Intel Mac OS X 10_10_1) AppleWebKit/537.36 (KHTML, like Gecko) Chrome/39.0.2171.95 Safari/537.36" "pcentral-offshore.com"
20.203.128.174 - - [18/Dec/2022:15:43:59 -0800] "GET /old/ HTTP/1.1" 404 88 "-" "Mozilla/5.0 (Macintosh; Intel Mac OS X 10_10_1) AppleWebKit/537.36 (KHTML, like Gecko) Chrome/39.0.2171.95 Safari/537.36" "pcentral-offshore.com"
20.203.128.174 - - [18/Dec/2022:15:44:04 -0800] "GET /backup/ HTTP/1.1" 404 88 "-" "Mozilla/5.0 (Macintosh; Intel Mac OS X 10_10_1) AppleWebKit/537.36 (KHTML, like Gecko) Chrome/39.0.2171.95 Safari/537.36" "pcentral-offshore.com"
20.203.128.174 - - [18/Dec/2022:15:44:09 -0800] "GET /oldsite/ HTTP/1.1" 404 88 "-" "Mozilla/5.0 (Macintosh; Intel Mac OS X 10_10_1) AppleWebKit/537.36 (KHTML, like Gecko) Chrome/39.0.2171.95 Safari/537.36" "pcentral-offshore.com"
20.203.128.174 - - [18/Dec/2022:15:44:13 -0800] "GET /back/ HTTP/1.1" 404 88 "-" "Mozilla/5.0 (Macintosh; Intel Mac OS X 10_10_1) AppleWebKit/537.36 (KHTML, like Gecko) Chrome/39.0.2171.95 Safari/537.36" "pcentral-offshore.com"
40.77.167.98 - - [18/Dec/2022:15:59:18 -0800] "GET /robots.txt HTTP/1.1" 404 88 "-" "Mozilla/5.0 AppleWebKit/537.36 (KHTML, like Gecko; compatible; bingbot/2.0; +http://www.bing.com/bingbot.htm) Chrome/103.0.5060.134 Safari/537.36" "www.pcentral-offshore.com"
40.77.167.35 - - [18/Dec/2022:15:59:24 -0800] "GET /documento/07.pdf HTTP/1.1" 200 383610 "-" "Mozilla/5.0 (compatible; bingbot/2.0; +http://www.bing.com/bingbot.htm)" "www.pcentral-offshore.com"
40.77.167.76 - - [18/Dec/2022:15:59:29 -0800] "GET /documento/03.pdf HTTP/1.1" 200 113227 "-" "Mozilla/5.0 (compatible; bingbot/2.0; +http://www.bing.com/bingbot.htm)" "www.pcentral-offshore.com"
40.77.167.76 - - [18/Dec/2022:15:59:29 -0800] "GET /documento/doctos/ HTTP/1.1" 200 450 "-" "Mozilla/5.0 AppleWebKit/537.36 (KHTML, like Gecko; compatible; bingbot/2.0; +http://www.bing.com/bingbot.htm) Chrome/103.0.5060.134 Safari/537.36" "www.pcentral-offshore.com"
207.46.13.8 - - [18/Dec/2022:15:59:33 -0800] "GET /documento/02.pdf HTTP/1.1" 200 4232410 "-" "Mozilla/5.0 AppleWebKit/537.36 (KHTML, like Gecko; compatible; bingbot/2.0; +http://www.bing.com/bingbot.htm) Chrome/103.0.5060.134 Safari/537.36" "www.pcentral-offshore.com"
